*t. Calculate the remainder when t is divided by 11.
8
Suppose -9*u = -110 + 29. Suppose s = 25*s - 3050 + 938. Calculate the remainder when s is divided by u.
7
Suppose 0 = b + 6 - 32. Suppose -n = -56 + b. What is the remainder when 56 is divided by n?
26
Calculate the remainder when 566 is divided by 23 + (-21 - (-2 + -3)).
6
Let d = 38 - 35. Suppose 3*i + 7*g = d*g + 147, 3*i - g - 147 = 0. Calculate the remainder when 290 is divided by i.
45
Let p = 336 + -327. What is the remainder when 59 is divided by (-15)/p + ((-1775)/(-15))/5?
15
Suppose -774 + 360 = -9*y. Let b = y - -30. What is the remainder when b is divided by 11?
10
Suppose 12134 = 44*g - 31074. Calculate the remainder when g is divided by 22.
14
Let x = 577 - 584. Suppose 0*o + 3*o - 60 = 0. Let q = x + o. What is the remainder when 24 is divided by q?
11
Suppose 10*p - 40*p = 0. Calculate the remainder when 71 is divided by (-15 - 24)*(p + -1).
32
Suppose -191 = -2*t + x, 55*x + 287 = 3*t + 54*x. Calculate the remainder when t is divided by 15.
6
Suppose 11*a - 9*a - 410 = 2*l, -2*a + 4*l + 400 = 0. What is the remainder when a is divided by 106?
104
Let t(s) = s**3 - 3*s**2 - 52*s + 195. What is the remainder when 4317 is divided by t(7)?
24
Suppose 5*p = 5*v + 780, -1837*p - 738 = -1842*p - v. Calculate the remainder when 880 is divided by p.
135
Let n be (-6)/27 - (-2604)/(-189). What is the remainder when (-4)/n - (-9840)/56 is divided by 36?
32
Suppose 1345*c = -2*w + 1350*c + 1882, 2*c = 2*w - 1864. What is the remainder when w is divided by 923?
3
Suppose -137*h = -390 - 432. Calculate the remainder when 556 is divided by h.
4
Suppose 0 = -j + 119 - 114. Suppose -198 = -13*q - j*q. Calculate the remainder when 26 is divided by q.
4
Let l(t) = -20*t - 188. What is the remainder when 2155 is divided by l(-13)?
67
Let n be (-1 + -1)*(-48)/32 + 54. Suppose 2*i - n - 21 = -5*v, -2*v = 5*i - 153. Suppose -65 = 24*y - i*y. Calculate the remainder when 25 is divided by y.
12
Suppose 3*f - 84 = -3*o, 15*f - 12*f - 90 = 3*o. Calculate the remainder when 257 is divided by f.
25
Suppose 4*y + 5*f + 0*f + 799 = 0, y - 3*f = -204. Let q = -156 - y. What is the remainder when q is divided by 27?
18
What is the remainder when (-3)/(-5) - (-122170)/50*1 is divided by 79?
74
Let t be (-54)/36 + -3 + (-125)/(-2). Suppose t*i = 46*i + 108. Calculate the remainder when i is divided by 5.
4
Suppose 2*t + t + 5 = -4*l, t - 5*l - 30 = 0. Suppose f - 8 = -t. Calculate the remainder when 62 is divided by f - (854/(-84) - (-1)/6).
10
Let q = 86 - 20. Suppose i = 3*b + 79, -4*i - 2*b = -128 - 216. Suppose -i*g = -78*g - 245. Calculate the remainder when q is divided by g.
31
Let u(t) = 34*t + 12. What is the remainder when 392 is divided by u(2)?
72
Let a = 14102 + -9666. Calculate the remainder when a is divided by 37.
33
Let o = -206 - -226. Calculate the remainder when (-2730)/o*(-6)/9 + -2 is divided by 20.
9
Suppose q = 0, g = -2*q + 260 + 8. Suppose 4815 = 25*u - 4985. Let m = u - g. What is the remainder when m is divided by 25?
24
Suppose 2*x - 3 = 5. Suppose -2*b = -4*b + x*s - 8, 0 = -3*b - s + 9. What is the remainder when (-2 + 18/14 - -1)/((-9)/(-126)) is divided by b?
0
Let k(q) = -q**3 - 23*q**2 + q + 31. Let c = 161 - 184. Calculate the remainder when 61 is divided by k(c).
5
Let v(g) = 209*g + 2753. Calculate the remainder when v(12) is divided by 310.
301
Let j(o) = 15*o - 19. Let k be -1*(4/(-1) + 2). Let u(v) = 11*v**2 + 4*v + 3. What is the remainder when u(-2) is divided by j(k)?
6
Let f(b) = 89*b - 32*b - 36*b - 20. What is the remainder when f(5) is divided by 44?
41
Suppose 360*v = 406*v - 22310. Calculate the remainder when v is divided by 73.
47
Let u(f) = -21*f - 15. Let o(t) = -2*t. Let q(l) = -22*o(l) + 2*u(l). Let c = 23 - 14. What is the remainder when q(22) is divided by c?
5
Let d be 0 + (1 - (7056/6 + -1)). Let q = d - -1189. Suppose -4*o = -3*o - 47. What is the remainder when o is divided by q?
2
Suppose 523 + 1627 = 2*q. Let i = q - 1007. Calculate the remainder when i is divided by 51.
17
Let s = 207 - 125. Let k = -234 + 157. Let r = k + s. What is the remainder when 27 is divided by r?
2
Let y = 24 + -6. Suppose 42 = -17*r + y*r. Suppose 0 + 7 = j + 4*z, -j + 27 = -z. What is the remainder when r is divided by j?
19
Let l(c) = -c**2 + 80*c - 106. Suppose 5*h + 24 = -3*r + 159, -2*r - 160 = -5*h. What is the remainder when l(75) is divided by h?
29
Let m(h) = h**3 + 41*h**2 + 266*h + 30. What is the remainder when 969 is divided by m(-8)?
3
Suppose 43*u - 1645 - 10352 = 0. Suppose 0 = 271*t - u*t + 88. What is the remainder when 64 is divided by t?
9
Suppose 4968*j - 12140 = 4361*j. Let p(b) = 3*b - 3. What is the remainder when j is divided by p(3)?
2
Suppose 0 = 23*z - 24*z + 277. Suppose -4*j + 4*h - z - 407 = 0, -j - 171 = 3*h. Let q = j - -258. What is the remainder when q is divided by 15?
12
Let c = 476 - 472. Suppose -c*q + 155 = -5*y, 4*y + 74 = 4*q - 86. Calculate the remainder when q is divided by 13.
6
Let a(k) = -2*k**2 - 29*k - 6. Let u = 72 - 72. Let p be (u - 5 - -10) + -18. Calculate the remainder when a(p) is divided by 19.
14
Let b(k) = 357*k + 2. Let a be b(-3). Let z = a - -1106. Suppose 5*w - 32 - 18 = 0. What is the remainder when z is divided by w?
7
Let x(a) = -5*a**2 - 147*a + 53. Suppose -o = 2*o - 36. What is the remainder when x(-28) is divided by o?
9
Suppose -4*k + 3*b = -2856, 1428 = 107*k - 105*k - 2*b. What is the remainder when k is divided by 20?
14
Suppose 1 = 5*k + 21, 0 = -2*c + 3*k + 506. Suppose c = 29*f - 391. What is the remainder when 2 + 4 + -2 + 56 is divided by f?
16
Let f = -799 - -4043. Calculate the remainder when f is divided by 28.
24
Let s(t) = -t + 3*t - 3 + 17 - t. Let k be s(-11). What is the remainder when k - (7 + 0) - -94 is divided by 23?
21
Calculate the remainder when (98/(-28))/((-2)/(-4)) - -347 is divided by 50.
40
Let y(c) = 1144*c - 5672. Calculate the remainder when 429 is divided by y(5).
45
What is the remainder when 84840/315*(-6)/16*-2 is divided by 3?
1
Let n(p) = p**2 - 19*p + 97. Let i be n(20). Let b = 35 + i. What is the remainder when b is divided by 51?
50
Let p(q) = -q**3 + 3*q + 2. Let v be p(-12). Let i be 2/(-16) - v/16. Let a = i - -129. What is the remainder when 112 is divided by a?
20
Let z(f) = -2*f + 57. Suppose 27*t = 32*t - 55. What is the remainder when z(t) is divided by 24?
11
Let s = 3087 + -3071. What is the remainder when 829 is divided by s?
13
Suppose 71*s + 185 = 76*s. Let f = s - 13. Calculate the remainder when ((-3)/(-4))/((-2)/(-184)) is divided by f.
21
Suppose -2*r + 3*a = -5*r + 60, 4*a - 8 = 0. What is the remainder when 1430/r + 1 + 117/(-81) is divided by 23?
10
Let l(b) = 217*b**3 + 4*b**2 - b - 2. Let h be l(1). Calculate the remainder when 30 is divided by (-12)/(-28) - h/(-14).
14
Suppose 6*v + 56 = 14*v. Calculate the remainder when 46 - (v - (5 - 1)) is divided by 44/(-6)*21/(-14).
10
Suppose -u - 710 - 1100 = -5*x, 0 = -x + 4*u + 362. What is the remainder when x is divided by 7?
5
Let l(f) = -2*f**2 + 28*f + 8. Let z be l(11). Let g = z - 31. What is the remainder when g is divided by 23?
20
Let s = -342 - -353. Suppose s*d - 41*d = -60. What is the remainder when 17 is divided by d?
1
Suppose 5*x + 4 = 24. Let o be (1 - 1)*(-1)/2 - -4. Suppose 2*i - x*t = 36, -t + 5*t + o = 0. Calculate the remainder when 46 is divided by i.
14
Suppose -2*d - 3*z + 0 = -1, -5*z = -2*d + 41. Suppose 0 = d*f - 23*f + 2040. What is the remainder when f is divided by 14?
10
Suppose 4*x + 136 + 956 = 3*j, 0 = -3*j - 5*x + 1038. What is the remainder when 1078 is divided by j?
10
Suppose -56*r + 52*r = -24. What is the remainder when 177 is divided by (540/45)/(r/10)?
17
Suppose 4 = -w + 12. Suppose 0 = f + 11 - 13. What is the remainder when f*12 + 1*6/(-2) is divided by w?
5
Let n(t) = 11*t**2 + 2*t + 47. What is the remainder when n(-4) is divided by 49?
19
Suppose 28 = -4*s - r + 87, -11 = -s - 4*r. What is the remainder when 171 is divided by -1 - (-6 + 4 - s)?
11
Suppose -4 = -y, 2*y + 37 = -8*h + 11*h. Suppose -12*m - 18 = -h*m. What is the remainder when m is divided by (6/1)/(2 - 0)?
0
Let x(z) = -22*z + 95. Suppose 5*n = 4*t + 8, -34*n + 23 = 5*t 